{"id":3274,"date":"2022-04-08T11:29:58","date_gmt":"2022-04-08T09:29:58","guid":{"rendered":"https:\/\/www.obsozero.fr\/wp-content\/?page_id=3274"},"modified":"2022-04-09T13:36:31","modified_gmt":"2022-04-09T11:36:31","slug":"tv-plasma","status":"publish","type":"page","link":"https:\/\/www.obsozero.fr\/wp-content\/tv-plasma\/","title":{"rendered":"TV PLASMA"},"content":{"rendered":"<h1><strong>Description des \u00e9quipements usuels de la maison<\/strong><\/h1>\n<h2>Le t\u00e9l\u00e9viseur Plasma<\/h2>\n<h3><strong>Sch\u00e9ma bloc<\/strong><\/h3>\n<p>Cette section d\u00e9crit de mani\u00e8re succinte les diff\u00e9rents blocs qui constituent un t\u00e9l\u00e9viseur plasma. L\u2019objectif est de comprendre, \u00e0 minima, l\u2019architecture de l\u2019appareil et d\u2019identifier les fonctions principales. R\u00e9parer un appareil n\u00e9cessite d\u2019en comprendre, ne serait-ce que de mani\u00e8re superficielle et g\u00e9n\u00e9rale, le fonctionnement de mani\u00e8re \u00e0 \u00e9viter de remplacer les pieces \u00ab\u00a0au petit bonheur\u00a0\u00bb.<\/p>\n<p>Ci-dessous une architecure de t\u00e9l\u00e9vision plasma LG suffisamment generale pour s\u2019y r\u00e9f\u00e9rer utilement\u00a0:<\/p>\n<p><img decoding=\"async\" width=\"1080\" height=\"800\" class=\"wp-image-3400\" src=\"https:\/\/www.obsozero.fr\/wp-content\/wp-content\/uploads\/2022\/04\/electronics-idea-lcd-led-tv-solutions-images.jpeg\" alt=\"ELECTRONICS IDEA: LCD LED TV SOLUTIONS IMAGES\" srcset=\"https:\/\/www.obsozero.fr\/wp-content\/wp-content\/uploads\/2022\/04\/electronics-idea-lcd-led-tv-solutions-images.jpeg 1080w, https:\/\/www.obsozero.fr\/wp-content\/wp-content\/uploads\/2022\/04\/electronics-idea-lcd-led-tv-solutions-images-600x444.jpeg 600w, https:\/\/www.obsozero.fr\/wp-content\/wp-content\/uploads\/2022\/04\/electronics-idea-lcd-led-tv-solutions-images-300x222.jpeg 300w, https:\/\/www.obsozero.fr\/wp-content\/wp-content\/uploads\/2022\/04\/electronics-idea-lcd-led-tv-solutions-images-1024x759.jpeg 1024w, https:\/\/www.obsozero.fr\/wp-content\/wp-content\/uploads\/2022\/04\/electronics-idea-lcd-led-tv-solutions-images-768x569.jpeg 768w\" sizes=\"(max-width: 1080px) 100vw, 1080px\" \/><\/p>\n<p>Figure 1: Sch\u00e9ma bloc T\u00e9l\u00e9viseur plasma<\/p>\n<h3><strong>Description des sous-ensembles<\/strong><\/h3>\n<h4>SMPS board: Switched Mode Power Supply, c\u2019est-\u00e0-dire \u00ab\u00a0carte d\u2019alimentation \u00e0 d\u00e9coupage\u00a0\u00bb.<\/h4>\n<p>Cette carte convertis l\u2019alimentation alternative 220V fournis par le secteur en diverses tensions continues requises par les reste des circuits de la t\u00e9l\u00e9vision. Ces diverses tensions comprennent\u00a0:<\/p>\n<ul>\n<li>Une tension permanente, le plus souvent 5V, qui alimente la carte principale \u00ab\u00a0Main Board\u00a0\u00bb. Cette tension est toujours pr\u00e9sente, ne serait-ce que pour allumer le t\u00e9moin de veille et prendre en compte les ordres de la t\u00e9l\u00e9commande,<\/li>\n<li>Des tensions de service positives et quelquefois n\u00e9gatives (pour la partie audio), comprises entre 12V et 18V, qui seront, le plus souvent, elles-m\u00eames reconvertis localement dans des tensions plus basses (1.5V, 3.3V) afin d\u2019alimenter les diff\u00e9rentes sections de la television.<\/li>\n<li>Dans le cas sp\u00e9cifique d\u2019une t\u00e9l\u00e9vision PDP (Plasma Display Panel), deux tensions suppl\u00e9mentaires, l\u2019une appel\u00e9e Vs comprises entre 180V et 210V, l\u2019autre appel\u00e9e Va comprise entre 55V et 70V, servent \u00e0 alimenter les electrodes plasma au travers des cartes Y-Sustain board, Z-sustain board (aussi appel\u00e9e X-Sustain board) et X-driver boards. Compte tenu des valeurs \u00e9lev\u00e9es des tensions Va et Vs, la stricte application des consignes de s\u00e9curit\u00e9 s\u2019impose, en particulier lors des etapes d\u2019investigations.<\/li>\n<\/ul>\n<h4>Main Board\u00a0(Audio and Video): Carte principale.<\/h4>\n<p>Cette carte supervise et contr\u00f4le toutes les fonctions de la t\u00e9l\u00e9vision. Elle g\u00e9n\u00e8re \u00e9galement les signaux associ\u00e9s. On peut citer par exemple:<\/p>\n<ul>\n<li>Le signal \u00ab\u00a0power-on\u00a0\u00bb qui commande la mise en service des alimentations non permanentes d\u00e9livr\u00e9es par la carte \u00ab\u00a0SMPS\u00a0\u00bb<\/li>\n<li>Tout le traitement analogique ou num\u00e9rique des signaux audio et video issus des connecteurs d\u2019entr\u00e9e tels que Ethernet, USB, HDMI, p\u00e9ritel, composite\u2026.<\/li>\n<\/ul>\n<h4>Control Board: Carte de Pilotage.<\/h4>\n<p>Cette carte re\u00e7oie les signaux et les informations video issues de la carte principale au format num\u00e9riques et \u00e9labore les signaux analogiques basse tension en direction des cartes Y-Sustain, Z-Sustain et X-Driver via les nappes \u00e9lectriques respectives. Dans les versions les plus r\u00e9centes, la carte de pilotage est quelquefois directement int\u00e9gr\u00e9e \u00e0 la carte principale de mani\u00e8re \u00e0 ne constituer qu\u2019un seul sous-ensemble. Dans ce cas elle est quelquefois appel\u00e9e \u00ab\u00a0carte m\u00e8re\u00a0\u00bb<\/p>\n<h4>Y-Sustain board: Carte de Maintien Y.<\/h4>\n<p>Appel\u00e9e ainsi en raison du fait qu\u2019elle convertit les informations de ligne re\u00e7ues de la carte de pilotage au format \u00e9lectrique requit par les cellules plasma. Elle n\u00e9cessite les tensions Vs et Va issues de la carte d\u2019alimentation \u00e0 d\u00e9coupage.<\/p>\n<h4>Y Driver Board\u00a0: Carte de pilotage Y.<\/h4>\n<p>Cette carte sert \u00e0 rediriger le signal issu de la carte de maintien Y vers la ligne ad\u00e9quate du panneau plasma selon un mode de balayage s\u00e9quentiel (de 1 \u00e0 1080 pour une t\u00e9l\u00e9vision qui propose un format full HD de 1920&#215;1080).<\/p>\n<h4>Z- sustain board: Carte de Maintien Z, \u00e9galement appel\u00e9e couramment X-sustain board<\/h4>\n<p>Cette carte sert \u00e0 piloter la deuxi\u00e8me \u00e9lectrode constitutive des lignes. Contrairement \u00e0 la carte de maintien Y, cette carte connecte toutes les lignes au m\u00eame potentiel sans qu\u2019un balayage s\u00e9quentiel ne soit n\u00e9cessaire.<\/p>\n<h4>X-Driver (Address) board\u00a0:<\/h4>\n<p>Carte de pilotage des adresses. Appel\u00e9e ainsi du fait qu\u2019elle s\u00e9lectionne la colonne \u00e0 afficher. En combinaison avec la carte de pilotage Y, chaque sous-pixel \u00e9l\u00e9mentaire formant l\u2019image peut \u00eatre contr\u00f4l\u00e9 de mani\u00e8re ind\u00e9pendante. Pour une t\u00e9l\u00e9vision au format Full HD, cela repr\u00e9sente 1920&#215;3=5760 colonnes, ou encore 1920&#215;1080= 2 millions de pixels et 1920x1080x3=6.2 millions de sous-pixels.<\/p>\n<p>Remarque\u00a0: Ne pas confondre la carte X-Driver qui pilote les colonnes de l\u2019affichage avec la carte de maintien Z (ou X) qui a pour but de g\u00e9n\u00e9rer les lignes en combinaison avec la carte de maintien Y<\/p>\n<p><img decoding=\"async\" width=\"502\" height=\"866\" class=\"wp-image-3401\" src=\"https:\/\/www.obsozero.fr\/wp-content\/wp-content\/uploads\/2022\/04\/a-new-sustain-driver-with-energy-recovery-circuit.png\" alt=\"A new sustain driver with energy recovery circuit based on low-voltage  components and low-voltage power supply for AC plasma display panel |  Semantic Scholar\" srcset=\"https:\/\/www.obsozero.fr\/wp-content\/wp-content\/uploads\/2022\/04\/a-new-sustain-driver-with-energy-recovery-circuit.png 502w, https:\/\/www.obsozero.fr\/wp-content\/wp-content\/uploads\/2022\/04\/a-new-sustain-driver-with-energy-recovery-circuit-174x300.png 174w\" sizes=\"(max-width: 502px) 100vw, 502px\" \/> <img decoding=\"async\" width=\"466\" height=\"389\" class=\"wp-image-3402\" src=\"https:\/\/www.obsozero.fr\/wp-content\/wp-content\/uploads\/2022\/04\/effects-of-ramp-reset-pulses-on-the-address-discha.jpeg\" alt=\"Effects of ramp reset pulses on the address discharge in a shadow mask  plasma display panel - IOPscience\" srcset=\"https:\/\/www.obsozero.fr\/wp-content\/wp-content\/uploads\/2022\/04\/effects-of-ramp-reset-pulses-on-the-address-discha.jpeg 466w, https:\/\/www.obsozero.fr\/wp-content\/wp-content\/uploads\/2022\/04\/effects-of-ramp-reset-pulses-on-the-address-discha-300x250.jpeg 300w\" sizes=\"(max-width: 466px) 100vw, 466px\" \/><\/p>\n<p>Y<\/p>\n<p>X<\/p>\n<p>Figure 2: Activation d\u2019une cellule plasma (cas d\u2019un \u00e9cran HD = 768&#215;1280 pixels)<\/p>\n<h3><strong>Illustration sur un cas r\u00e9el\u00a0:<\/strong><\/h3>\n<p>Ci-dessous le cas d\u2019une t\u00e9l\u00e9vision LG de 60 pouces \u00ab\u00a060PV250\u00a0\u00bb (voir l\u2019article \u00e0 ce sujet)<\/p>\n<p><strong>Y-Drive<\/strong><\/p>\n<p><img decoding=\"async\" width=\"1472\" height=\"1104\" class=\"wp-image-3403\" src=\"https:\/\/www.obsozero.fr\/wp-content\/wp-content\/uploads\/2022\/04\/s.jpeg\" alt=\"s\" srcset=\"https:\/\/www.obsozero.fr\/wp-content\/wp-content\/uploads\/2022\/04\/s.jpeg 1472w, https:\/\/www.obsozero.fr\/wp-content\/wp-content\/uploads\/2022\/04\/s-600x450.jpeg 600w, https:\/\/www.obsozero.fr\/wp-content\/wp-content\/uploads\/2022\/04\/s-300x225.jpeg 300w, https:\/\/www.obsozero.fr\/wp-content\/wp-content\/uploads\/2022\/04\/s-1024x768.jpeg 1024w, https:\/\/www.obsozero.fr\/wp-content\/wp-content\/uploads\/2022\/04\/s-768x576.jpeg 768w\" sizes=\"(max-width: 1472px) 100vw, 1472px\" \/><\/p>\n<p><strong>X (driver\/address)-board (derri\u00e8re le panneau m\u00e9tallique)<\/strong><\/p>\n<p><strong>Main Board <\/strong><\/p>\n<p><strong>Control Board <\/strong><\/p>\n<p><strong>Z (or X)-Sustain board<\/strong><\/p>\n<p><strong>SMPS board<\/strong><\/p>\n<p><strong>Y-Sustain board<\/strong><\/p>\n<p>Figure 3: L\u2019interieur du T\u00e9l\u00e9viseur Plasma LGxxxx<\/p>\n<h3><strong>Les principaux sympt\u00f4mes associ\u00e9s \u00e0 la d\u00e9faillance de chaque sous ensemble\u00a0<\/strong><\/h3>\n<h4>Statistique des pannes par bloc fonctionnel<\/h4>\n<p><img decoding=\"async\" width=\"297\" height=\"316\" class=\"wp-image-3404\" src=\"https:\/\/www.obsozero.fr\/wp-content\/wp-content\/uploads\/2022\/04\/https-www-experttvvideo-com-stats-plasma-jpg.jpeg\" alt=\"https:\/\/www.experttvvideo.com\/stats-plasma.jpg\" srcset=\"https:\/\/www.obsozero.fr\/wp-content\/wp-content\/uploads\/2022\/04\/https-www-experttvvideo-com-stats-plasma-jpg.jpeg 297w, https:\/\/www.obsozero.fr\/wp-content\/wp-content\/uploads\/2022\/04\/https-www-experttvvideo-com-stats-plasma-jpg-282x300.jpeg 282w\" sizes=\"(max-width: 297px) 100vw, 297px\" \/><\/p>\n<p>Figure 4: Statistique des pannes<\/p>\n<h4>Principaux sympt\u00f4mes avec leur origine la plus probable<\/h4>\n<p>Tableau 1\u00a0: Sympt\u00f4mes et origines possibles TV Plasma<\/p>\n<h2>Le t\u00e9l\u00e9viseur LCD<\/h2>\n<h3><strong>Sch\u00e9ma bloc<\/strong><\/h3>\n<p>Figure 5: Schema bloc T\u00e9l\u00e9viseur LCD<\/p>\n<p><img decoding=\"async\" width=\"535\" height=\"325\" class=\"wp-image-3405\" src=\"https:\/\/www.obsozero.fr\/wp-content\/wp-content\/uploads\/2022\/04\/word-image.png\" srcset=\"https:\/\/www.obsozero.fr\/wp-content\/wp-content\/uploads\/2022\/04\/word-image.png 535w, https:\/\/www.obsozero.fr\/wp-content\/wp-content\/uploads\/2022\/04\/word-image-300x182.png 300w\" sizes=\"(max-width: 535px) 100vw, 535px\" \/><\/p>\n<p>Figure 6: Sch\u00e9ma bloc Power Supply<\/p>\n<h2>Description des sous ensemble<\/h2>\n<p>Ci-dessous le cas d\u2019une t\u00e9l\u00e9vision Philips de 55 pouces 55PUS7181 (voir l\u2019article d\u00e9di\u00e9 \u00e0 cette t\u00e9l\u00e9vision)<\/p>\n<p><img decoding=\"async\" width=\"1767\" height=\"1325\" class=\"wp-image-3406\" src=\"https:\/\/www.obsozero.fr\/wp-content\/wp-content\/uploads\/2022\/04\/20210907_102030.jpeg\" alt=\"20210907_102030\" srcset=\"https:\/\/www.obsozero.fr\/wp-content\/wp-content\/uploads\/2022\/04\/20210907_102030.jpeg 1767w, https:\/\/www.obsozero.fr\/wp-content\/wp-content\/uploads\/2022\/04\/20210907_102030-600x450.jpeg 600w, https:\/\/www.obsozero.fr\/wp-content\/wp-content\/uploads\/2022\/04\/20210907_102030-300x225.jpeg 300w, https:\/\/www.obsozero.fr\/wp-content\/wp-content\/uploads\/2022\/04\/20210907_102030-1024x768.jpeg 1024w, https:\/\/www.obsozero.fr\/wp-content\/wp-content\/uploads\/2022\/04\/20210907_102030-768x576.jpeg 768w, https:\/\/www.obsozero.fr\/wp-content\/wp-content\/uploads\/2022\/04\/20210907_102030-1536x1152.jpeg 1536w\" sizes=\"(max-width: 1767px) 100vw, 1767px\" \/><\/p>\n<p>2<\/p>\n<p>6<\/p>\n<p>1<\/p>\n<p>5<\/p>\n<p>6<\/p>\n<p>7<\/p>\n<p>3<\/p>\n<p>4<\/p>\n<p>Figure 7: TV Philips 55PUS7181<\/p>\n<h2>Identification des sous ensemble<\/h2>\n<h4>Sous ensemble 1\u00a0: Carte d\u2019alimentation g\u00e9n\u00e9rale \/ de puissance (SMPS)<\/h4>\n<ul>\n<li>\n<ul>\n<li>\n<ul>\n<li>\n<ol>\n<li>Elle fournit les alimentations n\u00e9cessaires au fonctionnement de la carte de traitement video et de connectique (Peritel, HDMI, USB, antenne, Ethernet,\u2026) qui est rep\u00e9r\u00e9e sous ensemble 2 sur la figure 7<\/li>\n<li>Elle fournit les alimentations n\u00e9cessaires aux LED du r\u00e9tro\u00e9clairage LCD<\/li>\n<li>Elle re\u00e7oit les signaux de commandes qui permettent d\u2019activer\/d\u00e9sactiver les alimentations interruptibles lors du passage du mode veille au mode actif et du mode actif au mode veille.<\/li>\n<\/ol>\n<\/li>\n<\/ul>\n<\/li>\n<\/ul>\n<\/li>\n<\/ul>\n<h4>Sous ensemble 2\u00a0: Carte de traitement video et de connectique<\/h4>\n<p>Cette carte est \u00e9galement appel\u00e9e carte m\u00e8re ou carte principale,<\/p>\n<ul>\n<li>\n<ul>\n<li>\n<ul>\n<li>\n<ol>\n<li>Elle produit les diverses tensions n\u00e9cessaires au fonctionnement des diff\u00e9rents composants (processeur video, m\u00e9moire DRAM, connecteurs p\u00e9ritel, HDMI, microcontrolleur de supervision,\u2026) \u00e0 partir de l\u2019alimentation g\u00e9n\u00e9rale issue du sous ensemble 1<\/li>\n<li>Elle traite les signaux issus du r\u00e9cepteur infrarouge (sous-ensemble 4) qui g\u00e8re la t\u00e9l\u00e9commande,<\/li>\n<li>Elle traite la fonction \u00ab\u00a0audio\u00a0\u00bb<\/li>\n<li>Elle re\u00e7oit les flux num\u00e9riques (HDMI, USB, Ethernet RJ45,\u2026) ou analogiques (P\u00e9ritel, RGB, antenne demodul\u00e9 en bande de base) issu des diff\u00e9rents connecteurs et \u00e9labore le signal video en direction de la dalle LCD. Ce signal num\u00e9rique \u00e0 haute fr\u00e9quence est transform\u00e9 au format LVDS (Low Voltage Differential Signaling) qui autorise un d\u00e9bit tr\u00e8s \u00e9lev\u00e9 avec une excellente immunit\u00e9 electrique. Afin de garantir la qualit\u00e9 de cette immunit\u00e9, les nappes sont blind\u00e9es au moyen de feuilles m\u00e9talliques.<\/li>\n<\/ol>\n<\/li>\n<\/ul>\n<\/li>\n<\/ul>\n<\/li>\n<\/ul>\n<h4>Sous-ensemble 3\u00a0: Carte Timing Controller (T-Con), situ\u00e9e sous le capot m\u00e9tallique<\/h4>\n<ul>\n<li>\n<ul>\n<li>\n<ul>\n<li>\n<ol>\n<li>Cette carte re\u00e7oit le signal video au format LVDS en provenance de la carte principale et assure le demultiplexage en direction de la dalle. Demultiplexage signifie que les informations Video, c\u2019est-\u00e0-dire les images, sont d\u00e9compos\u00e9es en informations de ligne et de colonne (comme \u00e0 la bataille navale) de sorte que chaque pixel de la dalle LCD est allum\u00e9 ou \u00e9teint \u00e0 un moment pr\u00e9cis. Pour donner une id\u00e9e des d\u00e9bits num\u00e9riques qui sont en jeu, prenons le cas d\u2019une dalle full HD de 1920 x 1080 pixels et un taux de rafraichissement de 60Hz (c\u2019est-\u00e0-dire 60 images par seconde). Un calcul simple nous indique que le carte T-Con doit piloter 1920&#215;1080 pixels x60 images x 3 sous-pixels (1 sous pixel par couleur de base, Rouge, Vert, Bleu, regardez bien votre \u00e9cran de tr\u00e8s tr\u00e8s pr\u00e8s) = 373 millions d\u2019informations \u00e9l\u00e9mentaires ON\/OFF par seconde. Un tel d\u00e9bit n\u00e9cessite assur\u00e9ment de pr\u00e9cautions particuli\u00e8res au niveau \u00e9lectrique, en particulier en terme de blindage.<\/li>\n<\/ol>\n<\/li>\n<\/ul>\n<\/li>\n<\/ul>\n<\/li>\n<\/ul>\n<h4>Sous-ensemble 4\u00a0: Carte de r\u00e9ception infra-rouge. D\u00e9codage des signaux infrarouge \u00e9mis par la t\u00e9l\u00e9commande.<\/h4>\n<h4>Sous-ensemble 5\u00a0: Carte de r\u00e9ception Wifi et Blutooth<\/h4>\n<h4>Sous-ensemble 6\u00a0: Haut parleurs g\u00e9n\u00e9ralistes gauche et droit<\/h4>\n<h4>Sous ensemble 7\u00a0: Haut parleur sp\u00e9cialis\u00e9 basses fr\u00e9quences (Sub-woofer)<\/h4>\n<p><img decoding=\"async\" width=\"900\" height=\"627\" class=\"wp-image-3407\" src=\"https:\/\/www.obsozero.fr\/wp-content\/wp-content\/uploads\/2022\/04\/comprendre-les-technologies-dand39affichage-tv-lcd.png\" alt=\"Comprendre les technologies d&amp;#39;affichage TV LCD LED, OLED et Micro LED\" srcset=\"https:\/\/www.obsozero.fr\/wp-content\/wp-content\/uploads\/2022\/04\/comprendre-les-technologies-dand39affichage-tv-lcd.png 900w, https:\/\/www.obsozero.fr\/wp-content\/wp-content\/uploads\/2022\/04\/comprendre-les-technologies-dand39affichage-tv-lcd-600x418.png 600w, https:\/\/www.obsozero.fr\/wp-content\/wp-content\/uploads\/2022\/04\/comprendre-les-technologies-dand39affichage-tv-lcd-300x209.png 300w, https:\/\/www.obsozero.fr\/wp-content\/wp-content\/uploads\/2022\/04\/comprendre-les-technologies-dand39affichage-tv-lcd-768x535.png 768w\" sizes=\"(max-width: 900px) 100vw, 900px\" \/><\/p>\n<p>Figure 8: Activation d\u2019une cellule plasma (cas d\u2019un \u00e9cran HD = 768&#215;1280 pixels)<\/p>\n<h3><strong>Les principaux sympt\u00f4mes associ\u00e9s \u00e0 la d\u00e9faillance de chaque sous ensemble\u00a0<\/strong><\/h3>\n<h4>Statistique des pannes par sympt\u00f4me<\/h4>\n<p><img decoding=\"async\" width=\"721\" height=\"614\" class=\"wp-image-3408\" src=\"https:\/\/www.obsozero.fr\/wp-content\/wp-content\/uploads\/2022\/04\/word-image-1.png\" srcset=\"https:\/\/www.obsozero.fr\/wp-content\/wp-content\/uploads\/2022\/04\/word-image-1.png 721w, https:\/\/www.obsozero.fr\/wp-content\/wp-content\/uploads\/2022\/04\/word-image-1-600x511.png 600w, https:\/\/www.obsozero.fr\/wp-content\/wp-content\/uploads\/2022\/04\/word-image-1-300x255.png 300w\" sizes=\"(max-width: 721px) 100vw, 721px\" \/><\/p>\n<p><em>Figure 9\u00a0: Statistique des pannes LCD<\/em><\/p>\n<h4>Principaux sympt\u00f4mes avec leur origine la plus probable<\/h4>\n<p>Tableau 2\u00a0: Sympt\u00f4mes et origines possibles TV LCD<\/p>\n","protected":false},"excerpt":{"rendered":"<p>Description des \u00e9quipements usuels de la maison Le t\u00e9l\u00e9viseur Plasma Sch\u00e9ma bloc Cette section d\u00e9crit de mani\u00e8re succinte les diff\u00e9rents blocs qui constituent un t\u00e9l\u00e9viseur plasma. L\u2019objectif est de comprendre, \u00e0 minima, l\u2019architecture de l\u2019appareil et d\u2019identifier les fonctions principales. R\u00e9parer un appareil n\u00e9cessite d\u2019en comprendre, ne serait-ce que de mani\u00e8re superficielle et g\u00e9n\u00e9rale, le&#8230;<\/p>\n","protected":false},"author":1,"featured_media":0,"parent":0,"menu_order":0,"comment_status":"closed","ping_status":"closed","template":"","meta":{"_mi_skip_tracking":false,"_kad_post_transparent":"","_kad_post_title":"","_kad_post_layout":"","_kad_post_sidebar_id":"","_kad_post_content_style":"","_kad_post_vertical_padding":"","_kad_post_feature":"","_kad_post_feature_position":"","_kad_post_header":false,"_kad_post_footer":false,"footnotes":""},"class_list":["post-3274","page","type-page","status-publish","hentry"],"yoast_head":"<!-- This site is optimized with the Yoast SEO plugin v19.14 - https:\/\/yoast.com\/wordpress\/plugins\/seo\/ -->\n<title>TV PLASMA - ObsoZero<\/title>\n<meta name=\"robots\" content=\"index, follow, max-snippet:-1, max-image-preview:large, max-video-preview:-1\" \/>\n<link rel=\"canonical\" href=\"https:\/\/www.obsozero.fr\/wp-content\/tv-plasma\/\" \/>\n<meta property=\"og:locale\" content=\"fr_FR\" \/>\n<meta property=\"og:type\" content=\"article\" \/>\n<meta property=\"og:title\" content=\"TV PLASMA - ObsoZero\" \/>\n<meta property=\"og:description\" content=\"Description des \u00e9quipements usuels de la maison Le t\u00e9l\u00e9viseur Plasma Sch\u00e9ma bloc Cette section d\u00e9crit de mani\u00e8re succinte les diff\u00e9rents blocs qui constituent un t\u00e9l\u00e9viseur plasma. L\u2019objectif est de comprendre, \u00e0 minima, l\u2019architecture de l\u2019appareil et d\u2019identifier les fonctions principales. R\u00e9parer un appareil n\u00e9cessite d\u2019en comprendre, ne serait-ce que de mani\u00e8re superficielle et g\u00e9n\u00e9rale, le...\" \/>\n<meta property=\"og:url\" content=\"https:\/\/www.obsozero.fr\/wp-content\/tv-plasma\/\" \/>\n<meta property=\"og:site_name\" content=\"ObsoZero\" \/>\n<meta property=\"article:modified_time\" content=\"2022-04-09T11:36:31+00:00\" \/>\n<meta property=\"og:image\" content=\"https:\/\/www.obsozero.fr\/wp-content\/wp-content\/uploads\/2022\/04\/electronics-idea-lcd-led-tv-solutions-images.jpeg\" \/>\n<meta name=\"twitter:card\" content=\"summary_large_image\" \/>\n<meta name=\"twitter:label1\" content=\"Dur\u00e9e de lecture estim\u00e9e\" \/>\n\t<meta name=\"twitter:data1\" content=\"7 minutes\" \/>\n<script type=\"application\/ld+json\" class=\"yoast-schema-graph\">{\"@context\":\"https:\/\/schema.org\",\"@graph\":[{\"@type\":\"WebPage\",\"@id\":\"https:\/\/www.obsozero.fr\/wp-content\/tv-plasma\/\",\"url\":\"https:\/\/www.obsozero.fr\/wp-content\/tv-plasma\/\",\"name\":\"TV PLASMA - ObsoZero\",\"isPartOf\":{\"@id\":\"https:\/\/www.obsozero.fr\/wp-content\/#website\"},\"datePublished\":\"2022-04-08T09:29:58+00:00\",\"dateModified\":\"2022-04-09T11:36:31+00:00\",\"breadcrumb\":{\"@id\":\"https:\/\/www.obsozero.fr\/wp-content\/tv-plasma\/#breadcrumb\"},\"inLanguage\":\"fr-FR\",\"potentialAction\":[{\"@type\":\"ReadAction\",\"target\":[\"https:\/\/www.obsozero.fr\/wp-content\/tv-plasma\/\"]}]},{\"@type\":\"BreadcrumbList\",\"@id\":\"https:\/\/www.obsozero.fr\/wp-content\/tv-plasma\/#breadcrumb\",\"itemListElement\":[{\"@type\":\"ListItem\",\"position\":1,\"name\":\"Accueil\",\"item\":\"https:\/\/www.obsozero.fr\/wp-content\/\"},{\"@type\":\"ListItem\",\"position\":2,\"name\":\"TV PLASMA\"}]},{\"@type\":\"WebSite\",\"@id\":\"https:\/\/www.obsozero.fr\/wp-content\/#website\",\"url\":\"https:\/\/www.obsozero.fr\/wp-content\/\",\"name\":\"ObsoZero\",\"description\":\"R\u00e9parez vos equipements domestiques pas \u00e0 pas et \u00e0 moindre co\u00fbt\",\"publisher\":{\"@id\":\"https:\/\/www.obsozero.fr\/wp-content\/#organization\"},\"potentialAction\":[{\"@type\":\"SearchAction\",\"target\":{\"@type\":\"EntryPoint\",\"urlTemplate\":\"https:\/\/www.obsozero.fr\/wp-content\/?s={search_term_string}\"},\"query-input\":\"required name=search_term_string\"}],\"inLanguage\":\"fr-FR\"},{\"@type\":\"Organization\",\"@id\":\"https:\/\/www.obsozero.fr\/wp-content\/#organization\",\"name\":\"OBSOZERO\",\"url\":\"https:\/\/www.obsozero.fr\/wp-content\/\",\"logo\":{\"@type\":\"ImageObject\",\"inLanguage\":\"fr-FR\",\"@id\":\"https:\/\/www.obsozero.fr\/wp-content\/#\/schema\/logo\/image\/\",\"url\":\"https:\/\/i0.wp.com\/obsozero.com\/wp-content\/uploads\/2022\/04\/logo_11.png?fit=556%2C527&ssl=1\",\"contentUrl\":\"https:\/\/i0.wp.com\/obsozero.com\/wp-content\/uploads\/2022\/04\/logo_11.png?fit=556%2C527&ssl=1\",\"width\":556,\"height\":527,\"caption\":\"OBSOZERO\"},\"image\":{\"@id\":\"https:\/\/www.obsozero.fr\/wp-content\/#\/schema\/logo\/image\/\"}}]}<\/script>\n<!-- \/ Yoast SEO plugin. -->","yoast_head_json":{"title":"TV PLASMA - ObsoZero","robots":{"index":"index","follow":"follow","max-snippet":"max-snippet:-1","max-image-preview":"max-image-preview:large","max-video-preview":"max-video-preview:-1"},"canonical":"https:\/\/www.obsozero.fr\/wp-content\/tv-plasma\/","og_locale":"fr_FR","og_type":"article","og_title":"TV PLASMA - ObsoZero","og_description":"Description des \u00e9quipements usuels de la maison Le t\u00e9l\u00e9viseur Plasma Sch\u00e9ma bloc Cette section d\u00e9crit de mani\u00e8re succinte les diff\u00e9rents blocs qui constituent un t\u00e9l\u00e9viseur plasma. L\u2019objectif est de comprendre, \u00e0 minima, l\u2019architecture de l\u2019appareil et d\u2019identifier les fonctions principales. R\u00e9parer un appareil n\u00e9cessite d\u2019en comprendre, ne serait-ce que de mani\u00e8re superficielle et g\u00e9n\u00e9rale, le...","og_url":"https:\/\/www.obsozero.fr\/wp-content\/tv-plasma\/","og_site_name":"ObsoZero","article_modified_time":"2022-04-09T11:36:31+00:00","og_image":[{"url":"https:\/\/www.obsozero.fr\/wp-content\/wp-content\/uploads\/2022\/04\/electronics-idea-lcd-led-tv-solutions-images.jpeg"}],"twitter_card":"summary_large_image","twitter_misc":{"Dur\u00e9e de lecture estim\u00e9e":"7 minutes"},"schema":{"@context":"https:\/\/schema.org","@graph":[{"@type":"WebPage","@id":"https:\/\/www.obsozero.fr\/wp-content\/tv-plasma\/","url":"https:\/\/www.obsozero.fr\/wp-content\/tv-plasma\/","name":"TV PLASMA - ObsoZero","isPartOf":{"@id":"https:\/\/www.obsozero.fr\/wp-content\/#website"},"datePublished":"2022-04-08T09:29:58+00:00","dateModified":"2022-04-09T11:36:31+00:00","breadcrumb":{"@id":"https:\/\/www.obsozero.fr\/wp-content\/tv-plasma\/#breadcrumb"},"inLanguage":"fr-FR","potentialAction":[{"@type":"ReadAction","target":["https:\/\/www.obsozero.fr\/wp-content\/tv-plasma\/"]}]},{"@type":"BreadcrumbList","@id":"https:\/\/www.obsozero.fr\/wp-content\/tv-plasma\/#breadcrumb","itemListElement":[{"@type":"ListItem","position":1,"name":"Accueil","item":"https:\/\/www.obsozero.fr\/wp-content\/"},{"@type":"ListItem","position":2,"name":"TV PLASMA"}]},{"@type":"WebSite","@id":"https:\/\/www.obsozero.fr\/wp-content\/#website","url":"https:\/\/www.obsozero.fr\/wp-content\/","name":"ObsoZero","description":"R\u00e9parez vos equipements domestiques pas \u00e0 pas et \u00e0 moindre co\u00fbt","publisher":{"@id":"https:\/\/www.obsozero.fr\/wp-content\/#organization"},"potentialAction":[{"@type":"SearchAction","target":{"@type":"EntryPoint","urlTemplate":"https:\/\/www.obsozero.fr\/wp-content\/?s={search_term_string}"},"query-input":"required name=search_term_string"}],"inLanguage":"fr-FR"},{"@type":"Organization","@id":"https:\/\/www.obsozero.fr\/wp-content\/#organization","name":"OBSOZERO","url":"https:\/\/www.obsozero.fr\/wp-content\/","logo":{"@type":"ImageObject","inLanguage":"fr-FR","@id":"https:\/\/www.obsozero.fr\/wp-content\/#\/schema\/logo\/image\/","url":"https:\/\/i0.wp.com\/obsozero.com\/wp-content\/uploads\/2022\/04\/logo_11.png?fit=556%2C527&ssl=1","contentUrl":"https:\/\/i0.wp.com\/obsozero.com\/wp-content\/uploads\/2022\/04\/logo_11.png?fit=556%2C527&ssl=1","width":556,"height":527,"caption":"OBSOZERO"},"image":{"@id":"https:\/\/www.obsozero.fr\/wp-content\/#\/schema\/logo\/image\/"}}]}},"_links":{"self":[{"href":"https:\/\/www.obsozero.fr\/wp-content\/wp-json\/wp\/v2\/pages\/3274","targetHints":{"allow":["GET"]}}],"collection":[{"href":"https:\/\/www.obsozero.fr\/wp-content\/wp-json\/wp\/v2\/pages"}],"about":[{"href":"https:\/\/www.obsozero.fr\/wp-content\/wp-json\/wp\/v2\/types\/page"}],"author":[{"embeddable":true,"href":"https:\/\/www.obsozero.fr\/wp-content\/wp-json\/wp\/v2\/users\/1"}],"replies":[{"embeddable":true,"href":"https:\/\/www.obsozero.fr\/wp-content\/wp-json\/wp\/v2\/comments?post=3274"}],"version-history":[{"count":2,"href":"https:\/\/www.obsozero.fr\/wp-content\/wp-json\/wp\/v2\/pages\/3274\/revisions"}],"predecessor-version":[{"id":3409,"href":"https:\/\/www.obsozero.fr\/wp-content\/wp-json\/wp\/v2\/pages\/3274\/revisions\/3409"}],"wp:attachment":[{"href":"https:\/\/www.obsozero.fr\/wp-content\/wp-json\/wp\/v2\/media?parent=3274"}],"curies":[{"name":"wp","href":"https:\/\/api.w.org\/{rel}","templated":true}]}}